 17*i. List the prime factors of i.
5, 19
Suppose o + 8 = 5*o. Suppose -554 - 96 = -k - o*r, r + 3 = 0. List the prime factors of k.
2, 41
Suppose -5*b - 20 = -i, 4*i - 22*b + 17*b = 35. Suppose -i*c + 26*c - 27027 = 0. What are the prime factors of c?
3, 11, 13
Suppose -4*y + 3*s + s = -36, -y = -5*s + 11. Suppose -t + y*i + 931 = 13*i, 4*i - 3716 = -4*t. What are the prime factors of t?
2, 3, 5, 31
Let l = -50 + 53. Suppose l*z + 5*w - 2408 = 0, -z - 2*z + 2413 = 4*w. List the prime factors of z.
811
Suppose -9*u + 4*u = 315. List the prime factors of 1 - -46*u/(-14).
2, 13
Let u(f) = f - 2. Let d(q) = -63*q - 23. Let w(i) = -d(i) - 4*u(i). What are the prime factors of w(8)?
503
Let v(i) = 95*i**2 + 27*i + 249. What are the prime factors of v(-8)?
6113
List the prime factors of 20/8 - (-7)/14*20689.
3, 3449
Suppose 124304 + 124527 = 4*q - 3*y, -3*q = 3*y - 186618. What are the prime factors of q?
62207
Let y(d) = 4319 - 2162 - 2152 + 18*d. Let j(u) = u**2 + u + 5. Let q be j(0). List the prime factors of y(q).
5, 19
Let k = 39873 + 19131. List the prime factors of k.
2, 3, 11, 149
Let g = 853 + -837. What are the prime factors of (-6)/((-4)/13*8/g)?
3, 13
Let k(i) = -6*i**2 + 29 - i - i**2 - 35 + 2*i**3. Let h be k(7). Suppose -v = -4*q - 67 + 19, -5*v = -2*q - h. List the prime factors of v.
2, 17
Suppose 5*i - 5134 = -w + 1775, 5*i + 20707 = 3*w. What are the prime factors of w?
2, 863
Let r(j) = -j + 10. Let l be r(10). Suppose -b = -4*u + 1, 2*u + 2*b - 2 + 4 = l. Suppose u = -8*x + x + 315. What are the prime factors of x?
3, 5
Let i = 84456 + -47702. What are the prime factors of i?
2, 17, 23, 47
Let s(x) = 36*x**2 - 36*x - 67. Let z be s(-2). Suppose z*n - 153*n + 1768 = 0. What are the prime factors of n?
2, 13, 17
List the prime factors of (-26293)/(-5) + 454/1135.
3, 1753
What are the prime factors of (-478 - -456)*(-886)/4?
11, 443
Suppose 15*o = -88 - 122. Let p(w) be the third derivative of -3*w**4/8 - 55*w**3/6 - 2*w**2. List the prime factors of p(o).
71
Suppose 29593 = 23*l + 5558. Suppose -l = 170*z - 175*z. What are the prime factors of z?
11, 19
What are the prime factors of 5 - -1 - (-4229)/(-8 - -9) - 2?
3, 17, 83
Suppose -4*t + 8755 + 23014 = -15879. What are the prime factors of t?
2, 1489
Let c = 1121 - 646. Let i(h) = -h**3 - 6*h**2 + 7. Let t be i(-6). Suppose 2*g - t*g + c = 0. What are the prime factors of g?
5, 19
Let a = -65 + 75. Suppose 2252 = a*l - 138. List the prime factors of l.
239
Suppose 38*d - 39*d - 2*g = -4157, d = 5*g + 4185. List the prime factors of d.
5, 7, 17
Let j(s) = 5*s**3 + 20*s**2 + 34*s - 68. Let i be j(15). Suppose -61*q + i = -66450. What are the prime factors of q?
1447
Let d be 3/(-2)*102/(-9). Suppose 2*h - 43 + d = 0. Suppose 4*t - h*t = -486. What are the prime factors of t?
2, 3
Let k(x) = 4*x**3 - 3*x**2 + 3*x - 2. Let z be k(2). Suppose -2*b = 2*j - b - 149, 2*j = b + 139. What are the prime factors of 181/3 - z/j?
2, 3, 5
Let p(h) = h**2 - 14*h + 37. Let m be p(10). Suppose -x - 6 = -1. What are the prime factors of (-1)/(x/(m - -963))?
2, 3
Suppose 15 = 2*g + 5*w, 5*g - g - 2*w = -6. Suppose g = -3*x - 6, -6*x = -3*i - 3*x - 69. What are the prime factors of ((-302)/5)/(10/i)?
151
Let o(u) = 10*u - 8. Let n(s) = -9*s + 8. Let p(f) = 4*n(f) + 3*o(f). Let l(m) = -5*m + 8. Let q(r) = -5*l(r) + 4*p(r). What are the prime factors of q(17)?
3
Let p(o) be the first derivative of 27*o**2/2 + 852*o - 121. What are the prime factors of p(0)?
2, 3, 71
Suppose -70*a = 10*a - 139593 + 11513. List the prime factors of a.
1601
Let i(j) = -166*j**3 + 24*j**2 - 7*j - 34. What are the prime factors of i(-6)?
2, 4591
List the prime factors of -15 + (-2360)/(-88) - 12 - 197672/(-11).
2, 3, 5, 599
Let s be (-1 - 4)*(16968/35)/(-12). Suppose -u = -s + 60. List the prime factors of u.
2, 71
Let b = -8 - -11. Let o be (-97)/(b/(-3)) - 1. Suppose -o + 376 = 5*c. List the prime factors of c.
2, 7
Suppose 7*o - 4*o - 13999 = 5528. What are the prime factors of o?
23, 283
Let h(y) = -y - 4. Let v be h(-8). Let r(n) = n**2 - 13*n - 11. Let f(j) = -2*j**2 + 27*j + 22. Let p(c) = v*f(c) + 7*r(c). What are the prime factors of p(9)?
83
Suppose 2*a = 2, -3*a + 0*a + 1936 = b. Suppose 2*d = 5*r + 989, 0 = 4*d - r - 0*r - b. List the prime factors of d.
2, 241
Let y be (-51)/(-7) + -7 + (-7541)/7. Let c = -74 - y. What are the prime factors of c?
17, 59
Let q(p) = -p**3 + 9*p**2 + 9*p + 13. Let r be q(10). Suppose -r*v = -4*v + 18. Suppose 19*d - v*d - 10 = 0. What are the prime factors of d?
2, 5
What are the prime factors of -26*(-6)/52 + 98349/3?
2, 13, 97
Let y(p) = -11 + 8*p + p - 4*p**2 + 2*p + 3*p**3 - 16*p. What are the prime factors of y(5)?
239
Let c(r) = 3*r**2 - 4*r - 19. Let a(v) = v**2 - v - 2. Let l(p) = -2*a(p) + c(p). Let u be l(-8). Let g = u + 91. What are the prime factors of g?
2, 3, 13
Let m = 52 - 67. Let f(a) = a**2 + a - 42. Let u be f(m). List the prime factors of ((-10)/(-8))/(6/u).
5, 7
Let u(x) be the second derivative of 7*x**5/20 - x**4/2 + 3*x**3/2 - 3*x**2 + 34*x. What are the prime factors of u(3)?
2, 3, 13
Suppose -30*r = 88*r - 2524492. What are the prime factors of r?
2, 19, 563
Suppose -5*q - 106 = -b, -3*q + 5*b = -2*q + 26. Let m(h) be the second derivative of -h**4/12 - 29*h**3/6 - h**2/2 - 74*h. List the prime factors of m(q).
167
Suppose -o - o - 66 = 0. Let f = o + 34. List the prime factors of (-98)/(-4)*4*f.
2, 7
Let z(j) = -4*j - 15 + 6*j - 14*j + 9. Let i = 98 - 105. List the prime factors of z(i).
2, 3, 13
Suppose 0*j + 109 = -3*y + 2*j, -4*y + 3*j - 146 = 0. Let s be (0/(-2))/(5*(-14)/y). Suppose -n - n + 310 = s. What are the prime factors of n?
5, 31
Let f(z) = -15*z - 4. Let b(t) = -8*t + 2. Let h(j) = -2*j**2 + 15*j + 9. Let v be h(8). Let q be b(v). List the prime factors of f(q).
2, 43
Suppose 52*q = -54*q + 117*q - 53174. What are the prime factors of q?
2, 2417
Suppose -10*r + 1134 = 12944. Let k = r + 2146. What are the prime factors of k?
5, 193
Suppose -5*c - 6 = -26. Suppose -1382 = -4*u + 4*m + 706, 1050 = 2*u + c*m. List the prime factors of u.
523
Let j(r) = -r**2 + r + 65. Let q be j(8). Suppose -2*s = q*s - 231. List the prime factors of s.
3, 7
Let l be -4 + (-1320)/(7 + -5). Let n = l - -1207. What are the prime factors of n?
3, 181
Suppose 8 = 2*y + 6*i - i, -5*y = -4*i - 20. Suppose 0 = y*f - 337 - 1419. What are the prime factors of f?
439
Suppose 7*b + 1669 = 16061. What are the prime factors of b?
2, 257
What are the prime factors of (6/(-9) + 2/(-6))/(365/(-4820555))?
47, 281
Let r = -40 - -42. Suppose -2*u + 1218 = -u + 3*s, 2437 = r*u + 5*s. What are the prime factors of u?
3, 11, 37
Let k = 174 - 94. Let l = 391 - k. List the prime factors of l.
311
Suppose -2*c + 4*q = -14305 - 4721, 3*c + 5*q - 28572 = 0. List the prime factors of c.
3, 19, 167
Let h = -45653 - -98218. What are the prime factors of h?
5, 10513
Let d = 27 - 59. Let o = -28 - d. Suppose -4*t - 2*c + 64 = 0, o*t - c - 50 = 4*c. List the prime factors of t.
3, 5
Suppose 2*j - 40 = -u - 99, 3*u + 156 = j. Let k = 1246 + u. What are the prime factors of k?
1193
Let u(g) = 5*g**2 + 50*g + 6. Let w be u(-10). Let x(i) be the third derivative of i**5/30 - 13*i**4/24 + 35*i**3/6 + 26*i**2. List the prime factors of x(w).
29
What are the prime factors of 2238*(((-3)/6)/((-13)/52))/2?
2, 3, 373
Let q(b) = 46*b**2 + 121*b - 2417. List the prime factors of q(20).
7, 11, 239
Suppose 5*f - 101 = -3*a - 48, -3*a = f - 61. Let o(r) = 60*r - 113. What are the prime factors of o(a)?
31, 37
Suppose -38175 + 10986 = 19*f. Let v = 2693 + f. What are the prime factors of v?
2, 631
Suppose t = -2*t + 6. Let g be ((-6)/t)/(1/442*-3). Suppose -4*u + 831 = -5*q, 3*u - g - 220 = -4*q. What are the prime factors of u?
2, 107
Let x = 3371 - 5329. What are the prime factors of (-31)/186 - x/12?
163
Let j = 279 + -279. Suppose -2*h + 1718 = 4*n, 1316 = 3*n - j*h - 4*h. List the prime factors of n.
2, 3
Let i(p) = 15*p**2 + 13*p + 204. What are the prime factors of i(-27)?
2, 3, 29, 31
Suppose 32*m - 508133 = -102117. List the prime factors of m.
2, 13, 61
Suppose 0 = 3*p - 2516 + 146. Suppose -4*w = 35*x - 39*x - 3144, 3*x + p = w. What are the prime factors of w?
2, 7
Let m(h) = -4*h - 20. L